{"id":32,"date":"2023-11-21T12:03:28","date_gmt":"2023-11-21T12:03:28","guid":{"rendered":"http:\/\/katia.vlab.fi\/Kirpunkoti\/?page_id=32"},"modified":"2023-11-28T11:12:39","modified_gmt":"2023-11-28T11:12:39","slug":"kirpunkodin-kotimaiset","status":"publish","type":"page","link":"http:\/\/katia.vlab.fi\/Kirpunkoti\/","title":{"rendered":"KirpunKoti"},"content":{"rendered":"\t\t<div data-elementor-type=\"wp-page\" data-elementor-id=\"32\" class=\"elementor elementor-32\">\n\t\t\t\t<div class=\"elementor-element elementor-element-4500e2c7 e-flex e-con-boxed e-con e-parent\" data-id=\"4500e2c7\" data-element_type=\"container\" data-settings=\"{&quot;content_width&quot;:&quot;boxed&quot;}\" data-core-v316-plus=\"true\">\n\t\t\t\t\t<div class=\"e-con-inner\">\n\t\t\t\t<div class=\"elementor-element elementor-element-bb1ff4a elementor-arrows-position-inside elementor-pagination-position-outside elementor-widget elementor-widget-image-carousel\" data-id=\"bb1ff4a\" data-element_type=\"widget\" data-settings=\"{&quot;navigation&quot;:&quot;both&quot;,&quot;autoplay&quot;:&quot;yes&quot;,&quot;pause_on_hover&quot;:&quot;yes&quot;,&quot;pause_on_interaction&quot;:&quot;yes&quot;,&quot;autoplay_speed&quot;:5000,&quot;infinite&quot;:&quot;yes&quot;,&quot;speed&quot;:500}\" data-widget_type=\"image-carousel.default\">\n\t\t\t\t<div class=\"elementor-widget-container\">\n\t\t\t<style>\/*! elementor - v3.19.0 - 07-02-2024 *\/\n.elementor-widget-image-carousel .swiper,.elementor-widget-image-carousel .swiper-container{position:static}.elementor-widget-image-carousel .swiper-container .swiper-slide figure,.elementor-widget-image-carousel .swiper .swiper-slide figure{line-height:inherit}.elementor-widget-image-carousel .swiper-slide{text-align:center}.elementor-image-carousel-wrapper:not(.swiper-container-initialized):not(.swiper-initialized) .swiper-slide{max-width:calc(100% \/ var(--e-image-carousel-slides-to-show, 3))}<\/style>\t\t<div class=\"elementor-image-carousel-wrapper swiper\" dir=\"ltr\">\n\t\t\t<div class=\"elementor-image-carousel swiper-wrapper\" aria-live=\"off\">\n\t\t\t\t\t\t\t\t<div class=\"swiper-slide\" role=\"group\" aria-roledescription=\"slide\" aria-label=\"1 of 3\"><a data-elementor-open-lightbox=\"yes\" data-elementor-lightbox-slideshow=\"bb1ff4a\" data-elementor-lightbox-title=\"Tuoteryhmat_20233\" data-e-action-hash=\"#elementor-action%3Aaction%3Dlightbox%26settings%3DeyJpZCI6NjcsInVybCI6Imh0dHA6XC9cL2thdGlhLnZsYWIuZmlcL0tpcnB1bmtvdGlcL3dwLWNvbnRlbnRcL3VwbG9hZHNcLzIwMjNcLzExXC9UdW90ZXJ5aG1hdF8yMDIzMy5wbmciLCJzbGlkZXNob3ciOiJiYjFmZjRhIn0%3D\" href=\"https:\/\/www.kirpunkoti.fi\"><figure class=\"swiper-slide-inner\"><img decoding=\"async\" class=\"swiper-slide-image\" src=\"http:\/\/katia.vlab.fi\/Kirpunkoti\/wp-content\/uploads\/2023\/11\/Tuoteryhmat_20233.png\" alt=\"Tuoteryhmat_20233\" \/><\/figure><\/a><\/div><div class=\"swiper-slide\" role=\"group\" aria-roledescription=\"slide\" aria-label=\"2 of 3\"><a data-elementor-open-lightbox=\"yes\" data-elementor-lightbox-slideshow=\"bb1ff4a\" data-elementor-lightbox-title=\"Tuoteryhmat_20232\" data-e-action-hash=\"#elementor-action%3Aaction%3Dlightbox%26settings%3DeyJpZCI6NjgsInVybCI6Imh0dHA6XC9cL2thdGlhLnZsYWIuZmlcL0tpcnB1bmtvdGlcL3dwLWNvbnRlbnRcL3VwbG9hZHNcLzIwMjNcLzExXC9UdW90ZXJ5aG1hdF8yMDIzMi5wbmciLCJzbGlkZXNob3ciOiJiYjFmZjRhIn0%3D\" href=\"https:\/\/www.kirpunkoti.fi\"><figure class=\"swiper-slide-inner\"><img decoding=\"async\" class=\"swiper-slide-image\" src=\"http:\/\/katia.vlab.fi\/Kirpunkoti\/wp-content\/uploads\/2023\/11\/Tuoteryhmat_20232.png\" alt=\"Tuoteryhmat_20232\" \/><\/figure><\/a><\/div><div class=\"swiper-slide\" role=\"group\" aria-roledescription=\"slide\" aria-label=\"3 of 3\"><a data-elementor-open-lightbox=\"yes\" data-elementor-lightbox-slideshow=\"bb1ff4a\" data-elementor-lightbox-title=\"Tuoteryhmat_2023\" data-e-action-hash=\"#elementor-action%3Aaction%3Dlightbox%26settings%3DeyJpZCI6NjksInVybCI6Imh0dHA6XC9cL2thdGlhLnZsYWIuZmlcL0tpcnB1bmtvdGlcL3dwLWNvbnRlbnRcL3VwbG9hZHNcLzIwMjNcLzExXC9UdW90ZXJ5aG1hdF8yMDIzLnBuZyIsInNsaWRlc2hvdyI6ImJiMWZmNGEifQ%3D%3D\" href=\"https:\/\/www.kirpunkoti.fi\"><figure class=\"swiper-slide-inner\"><img decoding=\"async\" class=\"swiper-slide-image\" src=\"http:\/\/katia.vlab.fi\/Kirpunkoti\/wp-content\/uploads\/2023\/11\/Tuoteryhmat_2023.png\" alt=\"Tuoteryhmat_2023\" \/><\/figure><\/a><\/div>\t\t\t<\/div>\n\t\t\t\t\t\t\t\t\t\t\t\t<div class=\"elementor-swiper-button elementor-swiper-button-prev\" role=\"button\" tabindex=\"0\">\n\t\t\t\t\t\t<svg aria-hidden=\"true\" class=\"e-font-icon-svg e-eicon-chevron-left\" viewBox=\"0 0 1000 1000\" xmlns=\"http:\/\/www.w3.org\/2000\/svg\"><path d=\"M646 125C629 125 613 133 604 142L308 442C296 454 292 471 292 487 292 504 296 521 308 533L604 854C617 867 629 875 646 875 663 875 679 871 692 858 704 846 713 829 713 812 713 796 708 779 692 767L438 487 692 225C700 217 708 204 708 187 708 171 704 154 692 142 675 129 663 125 646 125Z\"><\/path><\/svg>\t\t\t\t\t<\/div>\n\t\t\t\t\t<div class=\"elementor-swiper-button elementor-swiper-button-next\" role=\"button\" tabindex=\"0\">\n\t\t\t\t\t\t<svg aria-hidden=\"true\" class=\"e-font-icon-svg e-eicon-chevron-right\" viewBox=\"0 0 1000 1000\" xmlns=\"http:\/\/www.w3.org\/2000\/svg\"><path d=\"M696 533C708 521 713 504 713 487 713 471 708 454 696 446L400 146C388 133 375 125 354 125 338 125 325 129 313 142 300 154 292 171 292 187 292 204 296 221 308 233L563 492 304 771C292 783 288 800 288 817 288 833 296 850 308 863 321 871 338 875 354 875 371 875 388 867 400 854L696 533Z\"><\/path><\/svg>\t\t\t\t\t<\/div>\n\t\t\t\t\n\t\t\t\t\t\t\t\t\t<div class=\"swiper-pagination\"><\/div>\n\t\t\t\t\t\t\t\t\t<\/div>\n\t\t\t\t<\/div>\n\t\t\t\t<\/div>\n\t\t\t\t\t<\/div>\n\t\t\t\t<\/div>\n\t\t<div class=\"elementor-element elementor-element-f974565 e-flex e-con-boxed e-con e-parent\" data-id=\"f974565\" data-element_type=\"container\" data-settings=\"{&quot;content_width&quot;:&quot;boxed&quot;}\" data-core-v316-plus=\"true\">\n\t\t\t\t\t<div class=\"e-con-inner\">\n\t\t\t\t<div class=\"elementor-element elementor-element-fe904be elementor-widget elementor-widget-text-editor\" data-id=\"fe904be\" data-element_type=\"widget\" data-widget_type=\"text-editor.default\">\n\t\t\t\t<div class=\"elementor-widget-container\">\n\t\t\t<style>\/*! elementor - v3.19.0 - 07-02-2024 *\/\n.elementor-widget-text-editor.elementor-drop-cap-view-stacked .elementor-drop-cap{background-color:#69727d;color:#fff}.elementor-widget-text-editor.elementor-drop-cap-view-framed .elementor-drop-cap{color:#69727d;border:3px solid;background-color:transparent}.elementor-widget-text-editor:not(.elementor-drop-cap-view-default) .elementor-drop-cap{margin-top:8px}.elementor-widget-text-editor:not(.elementor-drop-cap-view-default) .elementor-drop-cap-letter{width:1em;height:1em}.elementor-widget-text-editor .elementor-drop-cap{float:left;text-align:center;line-height:1;font-size:50px}.elementor-widget-text-editor .elementor-drop-cap-letter{display:inline-block}<\/style>\t\t\t\t<!-- wp:gallery {\"linkTo\":\"none\"} -->\n<figure class=\"wp-block-gallery has-nested-images columns-default is-cropped\"><!-- wp:image {\"id\":12,\"sizeSlug\":\"large\",\"linkDestination\":\"none\"} -->\n<figure class=\"wp-block-image size-large\"><img fetchpriority=\"high\" decoding=\"async\" width=\"1024\" height=\"358\" class=\"wp-image-12\" src=\"http:\/\/katia.vlab.fi\/Kirpunkoti\/wp-content\/uploads\/2023\/11\/nettibanneri_2023_etusivu-1-1024x358.png\" alt=\"KirpunKodin kotimaiset paperituotteet lapsiperheille\" srcset=\"http:\/\/katia.vlab.fi\/Kirpunkoti\/wp-content\/uploads\/2023\/11\/nettibanneri_2023_etusivu-1-1024x358.png 1024w, http:\/\/katia.vlab.fi\/Kirpunkoti\/wp-content\/uploads\/2023\/11\/nettibanneri_2023_etusivu-1-300x105.png 300w, http:\/\/katia.vlab.fi\/Kirpunkoti\/wp-content\/uploads\/2023\/11\/nettibanneri_2023_etusivu-1-768x269.png 768w, http:\/\/katia.vlab.fi\/Kirpunkoti\/wp-content\/uploads\/2023\/11\/nettibanneri_2023_etusivu-1-1536x538.png 1536w, http:\/\/katia.vlab.fi\/Kirpunkoti\/wp-content\/uploads\/2023\/11\/nettibanneri_2023_etusivu-1.png 1600w\" sizes=\"(max-width: 1024px) 100vw, 1024px\" \/><\/figure>\n<!-- \/wp:image --><\/figure>\n<!-- \/wp:gallery --><!-- wp:paragraph -->\n<p>\u00a0<\/p>\n<!-- \/wp:paragraph --><!-- wp:heading {\"level\":1} -->\n<h2 class=\"wp-block-heading\">KirpunKodin kotimaiset paperituotteet lapsiperheille<\/h2>\n<!-- \/wp:heading --><!-- wp:paragraph -->\n<p>Meill\u00e4 saa leikki\u00e4, nauraa ja rakastaa. Saa ihastua ja olla v\u00e4lill\u00e4 vihainenkin.<\/p>\n<!-- \/wp:paragraph --><!-- wp:paragraph -->\n<p>Meid\u00e4n\u00a0<strong>lastenhuoneen julisteet<\/strong>\u00a0tai rakkaalla lapsella on monta nime\u00e4, eli\u00a0<strong>julisteet<\/strong>,\u00a0<strong>printit<\/strong>,\u00a0<strong>posterit<\/strong>, yht\u00e4 kaikki. Ne on kuitenkin tehty kaikille lapsille, jotka tykk\u00e4\u00e4v\u00e4t seikkailla, sirkustella ja hassutella. Tai olla vain ihan hiljaa. Ja joista jokainen on\u00a0<strong>ainutlaatuinen<\/strong>,\u00a0<strong>ihana<\/strong>\u00a0ja\u00a0<strong>rakas<\/strong>. Sek\u00e4 aikuisille, jotka arvostavat\u00a0<strong>tyylikk\u00e4it\u00e4 ja<\/strong>\u00a0<strong>laadukkaita julisteita<\/strong>, jotka tehd\u00e4\u00e4n\u00a0<strong>alusta loppuun Suomessa<\/strong>, tarkalleen ottaen\u00a0<strong>Sipoossa.<\/strong><\/p>\n<!-- \/wp:paragraph --><!-- wp:paragraph -->\n<p><strong>Julisteissa<\/strong>\u00a0vilahtelevat luomani sympaattiset ja leikkis\u00e4t el\u00e4inhahmot, ja niit\u00e4 on h\u00f6ystetty kannustavin sanoin. Voit my\u00f6s\u00a0<strong>personoida julisteet\u00a0<\/strong>omalle rakkaallesi: Iirolle, Liisalle, Kaleville, Anskulle tai ihan kelle vaan.<\/p>\n<!-- \/wp:paragraph --><!-- wp:paragraph -->\n<p><strong>Suosituimpia julisteita\u00a0<\/strong>onkin ehdottomasti<strong>\u00a0personoitavat julisteet lapsen omilla tiedoilla.\u00a0<\/strong>Niit\u00e4 l\u00f6ytyykin vaikka ja mink\u00e4laisia:\u00a0<strong>syntym\u00e4julisteet , 1:1 mittasuhteella lapsen syntym\u00e4pituuteen olevat syntym\u00e4julisteet (birthposter), kummitodistukset, harrastusjulisteet, kirjainjulistet ja nimijulisteet.<\/strong><\/p>\n<!-- \/wp:paragraph --><!-- wp:paragraph -->\n<p><strong>Kotimaisten julisteiden<\/strong>\u00a0lis\u00e4ksi l\u00f6yd\u00e4t my\u00f6s\u00a0<strong>vauvakirjat: Mestaripiirros, keskosen oma vauvakirja<\/strong>\u00a0ja\u00a0<strong>Rakastettu, vauvavuosien muistoja<\/strong>, sek\u00e4\u00a0<strong>virstanpylv\u00e4s vauvakortit<\/strong>\u00a0ja n\u00e4m\u00e4 ovatkin mainioita lahjavinkkej\u00e4\u00a0<strong>babyshowereihin<\/strong>,\u00a0<strong>nimi\u00e4isiin\/ risti\u00e4isiin<\/strong>\u00a0tai\u00a0<strong>syntym\u00e4lahjaksi<\/strong>.<\/p>\n<!-- \/wp:paragraph --><!-- wp:paragraph -->\n<p>Joten tervetuloa ostoksille\u00a0<strong>KirpunKodin<\/strong>\u00a0lapselliseen maailmaan <a href=\"https:\/\/www.kirpunkoti.fi\">www.kirpunkoti.fi<\/a> ja\u00a0<a href=\"https:\/\/www.facebook.com\/kirpunkoti\">facebookista<\/a>\u00a0minut tavoittaa yleens\u00e4 p\u00e4iv\u00e4saikaan ja iltasella suhteellisen nopeasti, jos on jotain kysytt\u00e4v\u00e4\u00e4. Lis\u00e4ksi voit laittaa minulle s\u00e4hk\u00f6postia:\u00a0<strong><a href=\"mailto:kati@kirpunkoti.fi\">kati@kirpunkoti.fi<\/a><\/strong><\/p>\n<!-- \/wp:paragraph --><!-- wp:heading -->\n<h2 class=\"wp-block-heading\">\u00a0<\/h2>\n<!-- \/wp:heading --><!-- wp:separator {\"align\":\"wide\"} --><hr class=\"wp-block-separator alignwide has-alpha-channel-opacity\" \/><!-- \/wp:separator --><!-- wp:heading -->\n<h2 class=\"wp-block-heading\">\u00a0<\/h2>\n<!-- \/wp:heading --><!-- wp:heading -->\n<h2 class=\"wp-block-heading\">KirpunKodin Tarina<\/h2>\n<!-- \/wp:heading --><!-- wp:paragraph -->\n<p>KirpunKodin takana toimii \u00e4iti, vaimo, esteetikko ja graafikko. M\u00e4\u00e4r\u00e4tietoinen, el\u00e4inrakas, hyv\u00e4ntahtoinen ja l\u00e4mmin ihminen, juureni ovat maalla ja luonnosta saan edelleen voimaa ja se on minulle t\u00e4rke\u00e4.<br \/><br \/>Pienest\u00e4 tyt\u00f6st\u00e4 l\u00e4htien olen piirt\u00e4nyt, maalannut, tehnyt sarjakuvia ja &#8220;kirjoja&#8221; vihkosista ahkerasti. Olen muovaillut, tehnyt paperinukkeja ja viel\u00e4 kertaalleeen piirt\u00e4nyt ja PALJON. My\u00f6hemmin opintojen parissa olen valokuvannut, kehitt\u00e4nyt kuvia ja uppoutunut tietokoneella erilaisten materiaalien ty\u00f6st\u00f6\u00f6n eri grafiikkaohjelmistoilla ja t\u00e4m\u00e4n asian parissa jatkoin viel\u00e4 toiseen tutkintoon.<br \/><br \/>KirpunKoti aloitti toimintansa loppuvuonna 2016 Facebookin kautta, kun tytt\u00e4reni &#8220;Kirppu&#8221; oli kaksivuotias ja opiskelin digitaalista muotoilua ja n\u00e4iden innoittamana perustin toiminimen. Nimi KirpunKoti juontaa juurensa tytt\u00e4rest\u00e4ni, jota kaikki alkoivat kutsumaan &#8220;Kirpuksi&#8221;. Ty\u00f6skentelin t\u00e4ll\u00f6in my\u00f6s samaan aikaan vakinaisessa pestiss\u00e4 graafikkona toisaalla. Koska tuotteeni saivat hyv\u00e4n vastaanoton Facebookissa, p\u00e4\u00e4tin osallistua Lapsimessuille kev\u00e4\u00e4ll\u00e4 2017. Ja siit\u00e4 se ajatus sitten l\u00e4hti 100%:seen yritt\u00e4jyyteen, kes\u00e4ll\u00e4 2017 irtisanouduin p\u00e4\u00e4ty\u00f6st\u00e4ni ja aloitin yritt\u00e4j\u00e4n\u00e4.<br \/><br \/>KirpunKodilla kaikki tuotteet ovat minun suunnittelemia\/ tekemi\u00e4 ja ne ovat myynniss\u00e4 nettikaupan lis\u00e4ksi muutamissa paikoissa ymp\u00e4ri Suomen. KirpunKodin arvoiksi m\u00e4\u00e4ritt\u00e4isin asiakasl\u00e4ht\u00f6isyyden, vastuullisuuden ja kotimaisuuden. Olen hakenut KirpunKodille Design from Finland ja Avainlippu \u2013merkit.<\/p>\n<!-- \/wp:paragraph --><!-- wp:paragraph -->\n<p>Kiitos kaikille teille ihanille n\u00e4ist\u00e4 menneist\u00e4 vuosista, teit\u00e4 on ollut ilo palvella ja toivottavasti niit\u00e4 tulee viel\u00e4 paljon lis\u00e4\u00e4.<\/p>\n<!-- \/wp:paragraph --><!-- wp:paragraph -->\n<p><br \/>Terkuin<\/p>\n<!-- \/wp:paragraph --><!-- wp:image -->\n<figure class=\"wp-block-image\"><img decoding=\"async\" src=\"https:\/\/kirpunkoti.mycashflow.fi\/files\/content_images\/Kati.png\" alt=\"Kati\" \/><\/figure>\n<!-- \/wp:image --><!-- wp:paragraph -->\n<p><br \/>\/\/ KirpunKoti<\/p>\n<!-- \/wp:paragraph -->\t\t\t\t\t\t<\/div>\n\t\t\t\t<\/div>\n\t\t\t\t\t<\/div>\n\t\t\t\t<\/div>\n\t\t<div class=\"elementor-element elementor-element-37a432a e-flex e-con-boxed e-con e-parent\" data-id=\"37a432a\" data-element_type=\"container\" data-settings=\"{&quot;content_width&quot;:&quot;boxed&quot;}\" data-core-v316-plus=\"true\">\n\t\t\t\t\t<div class=\"e-con-inner\">\n\t\t\t\t\t<\/div>\n\t\t\t\t<\/div>\n\t\t\t\t<\/div>\n\t\t","protected":false},"excerpt":{"rendered":"<p>\u00a0 KirpunKodin kotimaiset paperituotteet lapsiperheille Meill\u00e4 saa leikki\u00e4, nauraa ja rakastaa. Saa ihastua ja olla v\u00e4lill\u00e4 vihainenkin. Meid\u00e4n\u00a0lastenhuoneen julisteet\u00a0tai rakkaalla lapsella on monta nime\u00e4, eli\u00a0julisteet,\u00a0printit,\u00a0posterit, yht\u00e4 kaikki. Ne on kuitenkin tehty kaikille lapsille, jotka tykk\u00e4\u00e4v\u00e4t seikkailla, sirkustella ja hassutella. Tai olla vain ihan hiljaa. Ja joista jokainen on\u00a0ainutlaatuinen,\u00a0ihana\u00a0ja\u00a0rakas. Sek\u00e4 aikuisille, jotka arvostavat\u00a0tyylikk\u00e4it\u00e4 ja\u00a0laadukkaita julisteita, jotka [&hellip;]<\/p>\n","protected":false},"author":1,"featured_media":0,"parent":0,"menu_order":0,"comment_status":"closed","ping_status":"closed","template":"","meta":{"footnotes":""},"yoast_head":"<!-- This site is optimized with the Yoast SEO plugin v22.0 - https:\/\/yoast.com\/wordpress\/plugins\/seo\/ -->\n<title>KirpunKoti - KirpunKodin kotimaiset paperituotteet lapsiperheille<\/title>\n<meta name=\"description\" content=\"Tervetuloa KirpunKotiin. Meilt\u00e4 l\u00f6yd\u00e4t ihanat suomalaiset\u00a0lapsiperheiden paperituotteet. Kirjat I Julisteet I Kortit I Pelit I Joulupallot I\" \/>\n<meta name=\"robots\" content=\"index, follow, max-snippet:-1, max-image-preview:large, max-video-preview:-1\" \/>\n<link rel=\"canonical\" href=\"http:\/\/katia.vlab.fi\/Kirpunkoti\/\" \/>\n<meta property=\"og:locale\" content=\"en_US\" \/>\n<meta property=\"og:type\" content=\"article\" \/>\n<meta property=\"og:title\" content=\"KirpunKoti - KirpunKodin kotimaiset paperituotteet lapsiperheille\" \/>\n<meta property=\"og:description\" content=\"Tervetuloa KirpunKotiin. Meilt\u00e4 l\u00f6yd\u00e4t ihanat suomalaiset\u00a0lapsiperheiden paperituotteet. Kirjat I Julisteet I Kortit I Pelit I Joulupallot I\" \/>\n<meta property=\"og:url\" content=\"http:\/\/katia.vlab.fi\/Kirpunkoti\/\" \/>\n<meta property=\"og:site_name\" content=\"KirpunKoti\" \/>\n<meta property=\"article:publisher\" content=\"https:\/\/www.facebook.com\/kirpunkoti\" \/>\n<meta property=\"article:modified_time\" content=\"2023-11-28T11:12:39+00:00\" \/>\n<meta property=\"og:image\" content=\"http:\/\/katia.vlab.fi\/Kirpunkoti\/wp-content\/uploads\/2023\/11\/Tuoteryhmat_20233.png\" \/>\n<meta name=\"twitter:card\" content=\"summary_large_image\" \/>\n<meta name=\"twitter:label1\" content=\"Est. reading time\" \/>\n\t<meta name=\"twitter:data1\" content=\"4 minutes\" \/>\n<script type=\"application\/ld+json\" class=\"yoast-schema-graph\">{\"@context\":\"https:\/\/schema.org\",\"@graph\":[{\"@type\":\"WebPage\",\"@id\":\"http:\/\/katia.vlab.fi\/Kirpunkoti\/\",\"url\":\"http:\/\/katia.vlab.fi\/Kirpunkoti\/\",\"name\":\"KirpunKoti - KirpunKodin kotimaiset paperituotteet lapsiperheille\",\"isPartOf\":{\"@id\":\"http:\/\/katia.vlab.fi\/Kirpunkoti\/#website\"},\"datePublished\":\"2023-11-21T12:03:28+00:00\",\"dateModified\":\"2023-11-28T11:12:39+00:00\",\"description\":\"Tervetuloa KirpunKotiin. Meilt\u00e4 l\u00f6yd\u00e4t ihanat suomalaiset\u00a0lapsiperheiden paperituotteet. Kirjat I Julisteet I Kortit I Pelit I Joulupallot I\",\"breadcrumb\":{\"@id\":\"http:\/\/katia.vlab.fi\/Kirpunkoti\/#breadcrumb\"},\"inLanguage\":\"en\",\"potentialAction\":[{\"@type\":\"ReadAction\",\"target\":[\"http:\/\/katia.vlab.fi\/Kirpunkoti\/\"]}]},{\"@type\":\"BreadcrumbList\",\"@id\":\"http:\/\/katia.vlab.fi\/Kirpunkoti\/#breadcrumb\",\"itemListElement\":[{\"@type\":\"ListItem\",\"position\":1,\"name\":\"Home\",\"item\":\"http:\/\/katia.vlab.fi\/Kirpunkoti\/\"},{\"@type\":\"ListItem\",\"position\":2,\"name\":\"KirpunKoti\"}]},{\"@type\":\"WebSite\",\"@id\":\"http:\/\/katia.vlab.fi\/Kirpunkoti\/#website\",\"url\":\"http:\/\/katia.vlab.fi\/Kirpunkoti\/\",\"name\":\"KirpunKoti\",\"description\":\"\",\"publisher\":{\"@id\":\"http:\/\/katia.vlab.fi\/Kirpunkoti\/#organization\"},\"potentialAction\":[{\"@type\":\"SearchAction\",\"target\":{\"@type\":\"EntryPoint\",\"urlTemplate\":\"http:\/\/katia.vlab.fi\/Kirpunkoti\/?s={search_term_string}\"},\"query-input\":\"required name=search_term_string\"}],\"inLanguage\":\"en\"},{\"@type\":\"Organization\",\"@id\":\"http:\/\/katia.vlab.fi\/Kirpunkoti\/#organization\",\"name\":\"KirpunKoti\",\"url\":\"http:\/\/katia.vlab.fi\/Kirpunkoti\/\",\"logo\":{\"@type\":\"ImageObject\",\"inLanguage\":\"en\",\"@id\":\"http:\/\/katia.vlab.fi\/Kirpunkoti\/#\/schema\/logo\/image\/\",\"url\":\"http:\/\/katia.vlab.fi\/Kirpunkoti\/wp-content\/uploads\/2023\/11\/cropped-kirpunkoti-e1701168315984.webp\",\"contentUrl\":\"http:\/\/katia.vlab.fi\/Kirpunkoti\/wp-content\/uploads\/2023\/11\/cropped-kirpunkoti-e1701168315984.webp\",\"width\":200,\"height\":200,\"caption\":\"KirpunKoti\"},\"image\":{\"@id\":\"http:\/\/katia.vlab.fi\/Kirpunkoti\/#\/schema\/logo\/image\/\"},\"sameAs\":[\"https:\/\/www.facebook.com\/kirpunkoti\",\"https:\/\/www.instagram.com\/kirpunkoti\",\"https:\/\/www.pinterest.com\/kirpunkoti\"]}]}<\/script>\n<!-- \/ Yoast SEO plugin. -->","yoast_head_json":{"title":"KirpunKoti - KirpunKodin kotimaiset paperituotteet lapsiperheille","description":"Tervetuloa KirpunKotiin. Meilt\u00e4 l\u00f6yd\u00e4t ihanat suomalaiset\u00a0lapsiperheiden paperituotteet. Kirjat I Julisteet I Kortit I Pelit I Joulupallot I","robots":{"index":"index","follow":"follow","max-snippet":"max-snippet:-1","max-image-preview":"max-image-preview:large","max-video-preview":"max-video-preview:-1"},"canonical":"http:\/\/katia.vlab.fi\/Kirpunkoti\/","og_locale":"en_US","og_type":"article","og_title":"KirpunKoti - KirpunKodin kotimaiset paperituotteet lapsiperheille","og_description":"Tervetuloa KirpunKotiin. Meilt\u00e4 l\u00f6yd\u00e4t ihanat suomalaiset\u00a0lapsiperheiden paperituotteet. Kirjat I Julisteet I Kortit I Pelit I Joulupallot I","og_url":"http:\/\/katia.vlab.fi\/Kirpunkoti\/","og_site_name":"KirpunKoti","article_publisher":"https:\/\/www.facebook.com\/kirpunkoti","article_modified_time":"2023-11-28T11:12:39+00:00","og_image":[{"url":"http:\/\/katia.vlab.fi\/Kirpunkoti\/wp-content\/uploads\/2023\/11\/Tuoteryhmat_20233.png"}],"twitter_card":"summary_large_image","twitter_misc":{"Est. reading time":"4 minutes"},"schema":{"@context":"https:\/\/schema.org","@graph":[{"@type":"WebPage","@id":"http:\/\/katia.vlab.fi\/Kirpunkoti\/","url":"http:\/\/katia.vlab.fi\/Kirpunkoti\/","name":"KirpunKoti - KirpunKodin kotimaiset paperituotteet lapsiperheille","isPartOf":{"@id":"http:\/\/katia.vlab.fi\/Kirpunkoti\/#website"},"datePublished":"2023-11-21T12:03:28+00:00","dateModified":"2023-11-28T11:12:39+00:00","description":"Tervetuloa KirpunKotiin. Meilt\u00e4 l\u00f6yd\u00e4t ihanat suomalaiset\u00a0lapsiperheiden paperituotteet. Kirjat I Julisteet I Kortit I Pelit I Joulupallot I","breadcrumb":{"@id":"http:\/\/katia.vlab.fi\/Kirpunkoti\/#breadcrumb"},"inLanguage":"en","potentialAction":[{"@type":"ReadAction","target":["http:\/\/katia.vlab.fi\/Kirpunkoti\/"]}]},{"@type":"BreadcrumbList","@id":"http:\/\/katia.vlab.fi\/Kirpunkoti\/#breadcrumb","itemListElement":[{"@type":"ListItem","position":1,"name":"Home","item":"http:\/\/katia.vlab.fi\/Kirpunkoti\/"},{"@type":"ListItem","position":2,"name":"KirpunKoti"}]},{"@type":"WebSite","@id":"http:\/\/katia.vlab.fi\/Kirpunkoti\/#website","url":"http:\/\/katia.vlab.fi\/Kirpunkoti\/","name":"KirpunKoti","description":"","publisher":{"@id":"http:\/\/katia.vlab.fi\/Kirpunkoti\/#organization"},"potentialAction":[{"@type":"SearchAction","target":{"@type":"EntryPoint","urlTemplate":"http:\/\/katia.vlab.fi\/Kirpunkoti\/?s={search_term_string}"},"query-input":"required name=search_term_string"}],"inLanguage":"en"},{"@type":"Organization","@id":"http:\/\/katia.vlab.fi\/Kirpunkoti\/#organization","name":"KirpunKoti","url":"http:\/\/katia.vlab.fi\/Kirpunkoti\/","logo":{"@type":"ImageObject","inLanguage":"en","@id":"http:\/\/katia.vlab.fi\/Kirpunkoti\/#\/schema\/logo\/image\/","url":"http:\/\/katia.vlab.fi\/Kirpunkoti\/wp-content\/uploads\/2023\/11\/cropped-kirpunkoti-e1701168315984.webp","contentUrl":"http:\/\/katia.vlab.fi\/Kirpunkoti\/wp-content\/uploads\/2023\/11\/cropped-kirpunkoti-e1701168315984.webp","width":200,"height":200,"caption":"KirpunKoti"},"image":{"@id":"http:\/\/katia.vlab.fi\/Kirpunkoti\/#\/schema\/logo\/image\/"},"sameAs":["https:\/\/www.facebook.com\/kirpunkoti","https:\/\/www.instagram.com\/kirpunkoti","https:\/\/www.pinterest.com\/kirpunkoti"]}]}},"_links":{"self":[{"href":"http:\/\/katia.vlab.fi\/Kirpunkoti\/index.php\/wp-json\/wp\/v2\/pages\/32"}],"collection":[{"href":"http:\/\/katia.vlab.fi\/Kirpunkoti\/index.php\/wp-json\/wp\/v2\/pages"}],"about":[{"href":"http:\/\/katia.vlab.fi\/Kirpunkoti\/index.php\/wp-json\/wp\/v2\/types\/page"}],"author":[{"embeddable":true,"href":"http:\/\/katia.vlab.fi\/Kirpunkoti\/index.php\/wp-json\/wp\/v2\/users\/1"}],"replies":[{"embeddable":true,"href":"http:\/\/katia.vlab.fi\/Kirpunkoti\/index.php\/wp-json\/wp\/v2\/comments?post=32"}],"version-history":[{"count":10,"href":"http:\/\/katia.vlab.fi\/Kirpunkoti\/index.php\/wp-json\/wp\/v2\/pages\/32\/revisions"}],"predecessor-version":[{"id":72,"href":"http:\/\/katia.vlab.fi\/Kirpunkoti\/index.php\/wp-json\/wp\/v2\/pages\/32\/revisions\/72"}],"wp:attachment":[{"href":"http:\/\/katia.vlab.fi\/Kirpunkoti\/index.php\/wp-json\/wp\/v2\/media?parent=32"}],"curies":[{"name":"wp","href":"https:\/\/api.w.org\/{rel}","templated":true}]}}